{"id":4984,"date":"2020-08-25T13:26:02","date_gmt":"2020-08-25T13:26:02","guid":{"rendered":"http:\/\/poscardio.sites.uff.br\/?page_id=4984"},"modified":"2020-09-24T13:30:49","modified_gmt":"2020-09-24T13:30:49","slug":"autoavaliacao-2020-do-programa-de-pos-graduacao-em-ciencias-cardiovasculares","status":"publish","type":"page","link":"https:\/\/poscardio.uff.br\/?page_id=4984","title":{"rendered":"Autoavalia\u00e7\u00e3o 2020 do Programa de P\u00f3s-Gradua\u00e7\u00e3o em Ci\u00eancias Cardiovasculares"},"content":{"rendered":"\n<p>Clique <a href=\"https:\/\/poscardio.uff.br\/wp-content\/uploads\/sites\/14\/2020\/08\/Plano-de-Autoavaliac\u0327a\u0303o-08-de-abril-Cardiovascular-UFF-2020.pdf\">aqui<\/a> para baixar o plano de autoavalia\u00e7\u00e3o do PPGCCV aprovado pelo Colegiado do Programa.<\/p>\n\n\n\n<h2 class=\"wp-block-heading\">I Workshop de Autoavalia\u00e7\u00e3o do PPGCCV<\/h2>\n\n\n\n<p>Clique <a href=\"https:\/\/poscardio.uff.br\/wp-content\/uploads\/sites\/14\/2020\/08\/Workshop-PPGCCV_avalia\u00e7\u00e3o-discente.pdf\">aqui<\/a> para baixar os slides da autoavalia\u00e7\u00e3o discente<\/p>\n\n\n\n<p>Clique <a href=\"https:\/\/poscardio.uff.br\/wp-content\/uploads\/sites\/14\/2020\/08\/Apresenta\u00e7\u00e3o-Christianne-1o-workshop-autovalia\u00e7\u00e3o-PGCCV-06082020.pdf\">aqui<\/a> para baixar os slides da autoavalia\u00e7\u00e3o docente (Parte 1)<\/p>\n\n\n\n<p> Clique <a href=\"https:\/\/poscardio.uff.br\/wp-content\/uploads\/sites\/14\/2020\/08\/AUTOAVALIA\u00c7\u00c3O-DOCENTE-PROPOSTAS-E-REFLEX\u00d5ES-PPGCCV-agosto-2020.pdf\">aqui<\/a> para baixar os slides da autoavalia\u00e7\u00e3o docente (Parte 2)<\/p>\n\n\n\n<p>Clique <a href=\"https:\/\/poscardio.uff.br\/wp-content\/uploads\/sites\/14\/2020\/08\/Autoavalia\u00e7\u00e3o-dos-t\u00e9cnicos-administrativos.pdf\">aqui<\/a> para baixar os slides da autoavalia\u00e7\u00e3o dos t\u00e9cnicos-administrativos <\/p>\n\n\n\n<p>Clique <a href=\"https:\/\/poscardio.uff.br\/wp-content\/uploads\/sites\/14\/2020\/09\/Slides-Egressos-03-12-19.ppt\">aqui<\/a> para baixar os slides da autoavalia\u00e7\u00e3o dos egressos do Programa<\/p>\n\n\n\n<figure class=\"wp-block-embed-youtube wp-block-embed is-type-video is-provider-youtube wp-embed-aspect-16-9 wp-has-aspect-ratio\"><div class=\"wp-block-embed__wrapper\">\n<iframe loading=\"lazy\" title=\"Workshop de Auto Avaliac\u0327a\u0303o da Po\u0301s Graduac\u0327a\u0303o Cie\u0302ncias Cardiovasculares 2020 08 06 at 05 07 GMT\" width=\"1080\" height=\"608\" src=\"https:\/\/www.youtube.com\/embed\/MoMHgDqBR0Y?feature=oembed\"  allow=\"accelerometer; autoplay; clipboard-write; encrypted-media; gyroscope; picture-in-picture; web-share\" referrerpolicy=\"strict-origin-when-cross-origin\" allowfullscreen><\/iframe>\n<\/div><\/figure>\n","protected":false},"excerpt":{"rendered":"<p>Clique aqui para baixar o plano de autoavalia\u00e7\u00e3o do PPGCCV aprovado pelo Colegiado do Programa. I Workshop de Autoavalia\u00e7\u00e3o do PPGCCV Clique aqui para baixar os slides da autoavalia\u00e7\u00e3o discente Clique aqui para baixar os slides da autoavalia\u00e7\u00e3o docente (Parte 1) Clique aqui para baixar os slides da autoavalia\u00e7\u00e3o docente (Parte 2) Clique aqui para [&hellip;]<\/p>\n","protected":false},"author":129,"featured_media":0,"parent":0,"menu_order":0,"comment_status":"closed","ping_status":"closed","template":"","meta":{"_et_pb_use_builder":"","_et_pb_old_content":"","_et_gb_content_width":"","_exactmetrics_skip_tracking":false,"_exactmetrics_sitenote_active":false,"_exactmetrics_sitenote_note":"","_exactmetrics_sitenote_category":0,"footnotes":""},"class_list":["post-4984","page","type-page","status-publish","hentry"],"_links":{"self":[{"href":"https:\/\/poscardio.uff.br\/index.php?rest_route=\/wp\/v2\/pages\/4984","targetHints":{"allow":["GET"]}}],"collection":[{"href":"https:\/\/poscardio.uff.br\/index.php?rest_route=\/wp\/v2\/pages"}],"about":[{"href":"https:\/\/poscardio.uff.br\/index.php?rest_route=\/wp\/v2\/types\/page"}],"author":[{"embeddable":true,"href":"https:\/\/poscardio.uff.br\/index.php?rest_route=\/wp\/v2\/users\/129"}],"replies":[{"embeddable":true,"href":"https:\/\/poscardio.uff.br\/index.php?rest_route=%2Fwp%2Fv2%2Fcomments&post=4984"}],"version-history":[{"count":9,"href":"https:\/\/poscardio.uff.br\/index.php?rest_route=\/wp\/v2\/pages\/4984\/revisions"}],"predecessor-version":[{"id":5085,"href":"https:\/\/poscardio.uff.br\/index.php?rest_route=\/wp\/v2\/pages\/4984\/revisions\/5085"}],"wp:attachment":[{"href":"https:\/\/poscardio.uff.br\/index.php?rest_route=%2Fwp%2Fv2%2Fmedia&parent=4984"}],"curies":[{"name":"wp","href":"https:\/\/api.w.org\/{rel}","templated":true}]}}